Is 117 a factor of 118424574?
False
Is 500 a factor of 932948910?
False
Is 23873209 a multiple of 7?
False
Is 19 a factor of 568834635?
True
Is 34116408 a multiple of 4?
True
Is 387 a factor of 11963331?
True
Does 32 divide 17093279?
False
Does 10 divide 52914574?
False
Is 989096925 a multiple of 39?
False
Does 17 divide 56806197?
True
Does 1008 divide 17138016?
True
Does 2736 divide 517013712?
True
Does 14 divide 1650362854?
True
Is 363863862 a multiple of 1153?
False
Is 30 a factor of 1644352138?
False
Is 2153 a factor of 97776342?
True
Is 81076380 a multiple of 588?
True
Is 9744212 a multiple of 103?
True
Is 42 a factor of 290733128?
False
Is 68 a factor of 639515193?
False
Is 12 a factor of 1264607212?
False
Does 8 divide 155408196?
False
Is 2920581439 a multiple of 14?
False
Is 1566 a factor of 2604539880?
True
Is 812762418 a multiple of 56?
False
Is 798 a factor of 324479038?
False
Is 68 a factor of 81632504?
True
Is 46 a factor of 20183417?
False
Is 449009019 a multiple of 130?
False
Does 934 divide 756830064?
False
Is 13 a factor of 1231182212?
True
Is 48074575 a multiple of 13?
False
Is 138 a factor of 36807005?
False
Is 18 a factor of 167639805?
False
Is 691934084 a multiple of 104?
False
Is 198569093 a multiple of 4?
False
Is 2112 a factor of 222279552?
True
Is 16 a factor of 348084773?
False
Is 184581678 a multiple of 1678?
True
Is 209 a factor of 34572153?
True
Does 24 divide 16336056?
True
Is 48879632 a multiple of 634?
False
Is 432016893 a multiple of 11?
True
Is 23 a factor of 6626300?
True
Does 12 divide 56516989?
False
Is 11877404 a multiple of 7?
True
Is 1243440554 a multiple of 17?
True
Is 1138755581 a multiple of 2201?
True
Is 262722029 a multiple of 6?
False
Is 27 a factor of 289466406?
True
Is 75936756 a multiple of 861?
True
Is 4087751 a multiple of 555?
False
Is 891 a factor of 2084586273?
True
Does 6 divide 11024930?
False
Is 56 a factor of 3394206480?
True
Does 9 divide 33230889?
True
Does 7 divide 5274274?
False
Is 21 a factor of 115372278?
True
Is 2068308 a multiple of 798?
False
Is 80 a factor of 2136640?
True
Does 18 divide 15078636?
True
Is 197929953 a multiple of 9?
True
Is 8 a factor of 1138661134?
False
Does 116 divide 2645305914?
False
Is 70 a factor of 24320474?
False
Is 193757796 a multiple of 106?
False
Is 26 a factor of 29525482?
False
Does 11 divide 14982308?
True
Is 6007529 a multiple of 1441?
True
Does 151 divide 4628452?
True
Does 1227 divide 734506740?
True
Does 333 divide 426382031?
False
Is 59605382 a multiple of 15?
False
Is 4641612 a multiple of 780?
False
Is 1524057045 a multiple of 35?
True
Is 49 a factor of 9340540?
False
Does 7 divide 19051177?
False
Is 109 a factor of 32835487?
True
Does 26 divide 187285257?
False
Is 277759689 a multiple of 5377?
True
Does 47 divide 109352884?
False
Does 14 divide 164130148?
True
Does 248 divide 2168078496?
True
Does 2024 divide 56995555?
False
Is 2695 a factor of 196605640?
True
Does 4016 divide 42047520?
True
Is 173 a factor of 15399076?
True
Is 841 a factor of 1549840753?
False
Is 176577419 a multiple of 233?
True
Does 366 divide 2286088?
False
Is 53 a factor of 14420876?
True
Does 7 divide 636293?
True
Is 13 a factor of 2211897?
False
Is 15939601 a multiple of 17?
False
Is 408 a factor of 580581144?
True
Is 663 a factor of 215826390?
True
Is 351696433 a multiple of 37?
True
Is 46 a factor of 93061910?
True
Does 167 divide 681051089?
False
Does 358 divide 53712914?
False
Does 91 divide 76106061?
False
Is 495 a factor of 192980947?
False
Is 30257490 a multiple of 5?
True
Does 78 divide 643397497?
False
Does 21 divide 331003239?
True
Is 189574717 a multiple of 851?
True
Is 12 a factor of 55902996?
True
Is 15 a factor of 602073405?
True
Is 14 a factor of 1228992548?
True
Is 54082910 a multiple of 14?
True
Is 278430314 a multiple of 720?
False
Does 33 divide 2252449481?
False
Does 24 divide 9070473?
False
Does 13 divide 286463299?
False
Is 4197922470 a multiple of 12933?
True
Does 256 divide 8795508?
False
Does 22 divide 65962710?
True
Is 30 a factor of 156083192?
False
Does 53 divide 2130911?
False
Does 221 divide 118194778?
True
Does 2198 divide 203918486?
False
Is 1420 a factor of 7868459?
False
Is 4 a factor of 7873220?
True
Is 304 a factor of 185275077?
False
Does 740 divide 1362340?
True
Is 214949200 a multiple of 200?
True
Is 424 a factor of 22837011?
False
Is 77737649 a multiple of 799?
False
Is 1130608437 a multiple of 21?
True
Is 2670472308 a multiple of 14?
True
Is 5296 a factor of 678655920?
True
Does 16 divide 11473556?
False
Does 8 divide 2692999520?
True
Is 257 a factor of 20589585?
False
Is 14544880 a multiple of 280?
True
Is 2 a factor of 450412779?
False
Is 132090777 a multiple of 37?
True
Is 707412 a multiple of 501?
True
Is 43585074 a multiple of 13?
True
Is 52 a factor of 27681709?
False
Is 183988325 a multiple of 25?
True
Does 1461 divide 310582302?
True
Is 436871897 a multiple of 49?
True
Is 13 a factor of 280338526?
True
Does 68 divide 41624202?
False
Does 22 divide 1263565996?
True
Does 116 divide 13309496?
False
Does 6 divide 15997545?
False
Does 17 divide 67390034?
False
Is 1530888335 a multiple of 85?
True
Is 94759061 a multiple of 59?
False
Does 72 divide 21210503?
False
Is 37829498 a multiple of 15?
False
Does 152 divide 875366199?
False
Is 364 a factor of 12989581?
False
Does 111 divide 48473548?
False
Is 4 a factor of 8553324?
True
Does 3 divide 1702360?
False
Does 482 divide 88844307?
False
Does 641 divide 775470375?
False
Is 97883940 a multiple of 3?
True
Is 282 a factor of 79100436?
True
Is 3 a factor of 5689059?
True
Is 368329450 a multiple of 157?
False
Does 235 divide 5888395?
True
Is 1310 a factor of 23149514?
False
Is 8403434 a multiple of 1999?
False
Is 25584218 a multiple of 1139?
True
Is 73 a factor of 21533686?
True
Does 12549 divide 2543531712?
True
Is 5310288614 a multiple of 33?
False
Is 3746598783 a multiple of 89?
False
Is 3528664 a multiple of 3?
False
Is 646 a factor of 971192524?
True
Is 1251 a factor of 79421642?
False
Does 836 divide 287130052?
True
Does 189 divide 231558556?
False
Is 26397150 a multiple of 150?
True
Is 18 a factor of 317132262?
True
Is 3229531498 a multiple of 55?
False
Is 1459555053 a multiple of 554?
False
Is 1355 a factor of 36774700?
True
Is 15141425 a multiple of 26?
False
Is 1183909259 a multiple of 2171?
True
Is 5408 a factor of 63805231?
False
Does 39 divide 6851978360?
False
Does 66 divide 73762183?
False
Does 2233 divide 371997703?
True
Does 240 divide 79533762?
False
Is 364 a factor of 66289132?
True
Is 20 a factor of 45005700?
True
Does 1683 divide 271180579?
False
Is 166351920 a multiple of 31?
False
Is 4834126 a multiple of 688?
False
Is 115354936 a multiple of 8?
True
Does 11 divide 4936629569?
False
Is 177 a factor of 145851215?
False
Is 72 a factor of 3836670?
False
Does 418 divide 882121028?
False
Is 245 a factor of 9206345890?
True
Does 16 divide 3564160?
True
Is 19 a factor of 260184407?
False
Is 21 a factor of 72439771?
False
Is 4066680 a multiple of 11?
False
Is 561 a factor of 773184684?
False
Does 101 divide 2066647254?
True
Does 108 divide 2072965608?
True
Is 222154609 a multiple of 12?
False
Is 93254184 a multiple of 2?
True
Is 4 a factor of 16827429?
False
Is 56344623 a multiple of 58?
False
Does 4477 divide 66331551?
False
Is 3252 a factor of 69098496?
True
Is 2492 a factor of 219717148?
True
Does 2074 divide 31570428?
True
Does 42 divide 167158201?
False
Is 7 a factor of 71707667?
False
Is 679 a factor of 76380031?
True
Is 1274871393 a multiple of 624?
False
Is 8 a factor of 377581421?
False
Is 584 a factor of 4512698?
False
Is 1292665958 a multiple of 163?
True
Does 70 divide 1344000?
True
Does 31 divide 203429161?
True
Does 33 divide 8392226?
False
Is 68848703 a multiple of 156?
False
Does 24 divide 460374002?
False
Is 20 a factor of 92671112?
False
Does 2285 divide 78101410?
False
Does 6 divide 40443084?
True
Does 1124 divide 102316596?
True
Is 112249389 a multiple of 53?
True
Does 463 divide 1051596482?
False
Does 21 divide 47733780?
False
Is 1927297 a multiple of 93?
False
Does 524 divide 1313994?
False
Is 185871608 a multiple of 1768?
True
Is 150 a factor of 205920000?
True
Is 4057 a multiple of 40?
False
Is 13328700 a multiple of 385?
True
Does 17